/(6/(-21)). Suppose -c*d + 22 = -28. What is the tens digit of d?
1
Suppose 7*l - 9*l = -48. Let k = l + -11. Let z = k + -4. What is the units digit of z?
9
Suppose -2*o + 0*p = p + 3, -p = -5*o + 10. Let b be (o + -1)/(0 + -2). Suppose 0 = -2*v - b*v + 18. What is the units digit of v?
9
Let c = 22 + -8. Suppose 0 = -0*z - z + c. Suppose -5*h + 6 = -z. What is the units digit of h?
4
Let v be (8/(-12))/((-2)/15). Suppose 0*o - v*o = -5. What is the units digit of (4 - 2)*(o - -1)?
4
Let i(v) = v + 5. Let o(k) = k + 4. Let h(t) = 5*i(t) - 6*o(t). Let n be h(2). What is the units digit of n/((-6)/(-3))*-14?
7
Suppose 0 = s - 3*s. Suppose s = -5*i - 2 - 18, 4*f - i = 40. What is the units digit of f?
9
Let b = 1 + 2. Suppose 0 = -f - b - 2. Let v = -4 - f. What is the units digit of v?
1
Let j(p) = 3*p**2 - 2*p - 7. What is the hundreds digit of j(-7)?
1
Let v = -77 - -135. What is the tens digit of v?
5
Let q(s) be the third derivative of s**6/120 + 7*s**5/60 + 5*s**4/24 - s**3/2 - 2*s**2. Let g be q(-6). What is the units digit of ((-1)/(-4))/(g/12)?
1
Let s(i) = -2*i**2 - 2*i - 3. Let g(p) = 2*p**2 + 2*p + 3. Let r(a) = -5*g(a) - 4*s(a). Let l be r(3). What is the units digit of (l/(-6)*-2)/(-1)?
9
Let w(b) = -3*b**3 - 3*b**2 + 9*b - 3. What is the tens digit of w(-4)?
0
Let g(k) = k**3 + 6*k**2 - k - 3. Let l be g(-6). Suppose -208 = 7*t - l*t. What is the tens digit of t/(-5) + (-2)/5?
1
Let j be 45/(-6)*(-8)/3. Suppose -3*l = l - j. What is the units digit of l?
5
Let b be (2/4)/((-3)/(-162)). Suppose -3*t + t + b = -c, -3 = 2*t + 5*c. What is the tens digit of t?
1
Suppose 94 = -3*r + 8*r + 4*y, -3*r - 3*y + 54 = 0. Suppose -4*f + 31 = 3*l, 5*f = 2*f - l + r. What is the units digit of f?
7
Let t(r) = 84*r - 5. What is the units digit of t(1)?
9
Let i(y) = y**3 + 5*y**2 + 2*y - 3. Let n be i(-3). Suppose -m - 6 = 5*k - 2*k, 4*m + k - n = 0. What is the units digit of (17/3 + -2)*m?
1
Let j(g) = g**2 - 2*g - 7. Let c be j(5). Let i = -5 + c. What is the units digit of i?
3
Let m(w) = 8*w**2 + 4. What is the tens digit of m(2)?
3
Let v(z) = 5*z**2. Let d be v(-2). Let o be ((-3)/(-6))/(2/d). What is the units digit of 4/12*(o - 2)?
1
What is the hundreds digit of 1 + 1 - -1 - (5 + -124)?
1
Let k = -1 - -4. Suppose d - 1 = k. What is the units digit of d?
4
Let z(d) = -3*d. Let p be z(-2). Let n be p/21 - 948/(-14). Suppose 0*m - 5*m - 2*s + n = 0, 5*m - 5*s = 75. What is the tens digit of m?
1
Let r be (-9)/6 + (-61)/(-2). Let h = r + -15. What is the tens digit of h?
1
Suppose 26 = 4*i + 2. Let u be (-30)/9*(-9)/i. What is the tens digit of 3*6 + -8 + u?
1
Let b = -9 + 48. What is the tens digit of b?
3
Let m be 5*((-21)/(-3) + -2). Suppose -4*v = -n - m, 3*v + 5*n = -0*v + 13. What is the units digit of 8/v*(-9)/(-6)?
2
Suppose g + 3*g = -v + 11, v - 2 = -g. What is the tens digit of 30*(1 + g/(-6))?
1
Let u(x) = -x**3 + 5*x**2 + x - 1. Let n be u(5). Suppose -3*s + 6 = 0, 5*v - 4*s - 24 = v. What is the units digit of (n/v)/(1/2)?
1
Let b(a) = a**2 - 7*a - 6. Let l be b(8). Suppose l*j = j + 12. Suppose 2*x = -x + j. What is the units digit of x?
4
Let q be -4*(-3)/(-30)*-35. Let x = 8 + q. What is the units digit of x?
2
Suppose 2*t - 40 = 6*t. Let m be (-2)/10 - 2/t. Suppose 40 = 5*p - m*p. What is the units digit of p?
8
Let n = 76 - 36. What is the tens digit of n?
4
Suppose -2*r - k + 75 = 0, -6*r + 3*k + 27 = -5*r. What is the units digit of r?
6
Let o(v) = v**3 - 4*v**2 - 3*v - 6. Let p be o(5). Suppose 3*t + 74 = 4*g, -t - t = p*g - 84. Suppose 4*h - g = 4. What is the units digit of h?
6
Let f = -29 + 214. What is the hundreds digit of f?
1
Let x = -2 - -11. What is the units digit of x?
9
Suppose 2*t = -2*t + 12. Suppose -2*u = t*c + 38, -2*c = -7*c - 5*u - 70. Let d = c - -18. What is the units digit of d?
8
Let n be -13 - 0/(-3 - -5). Let d = 1 - n. What is the units digit of d?
4
Let h = -12 - -2. Let f(b) = -b**3 - 10*b**2 - 2*b - 15. Let o be f(h). Suppose o*t = 23 + 7. What is the units digit of t?
6
Let n(d) = -2*d + 35. What is the units digit of n(0)?
5
Suppose -4*h - 7 - 13 = 2*r, h + 5 = 0. Suppose -4 = -r*a - 2*a. What is the units digit of 3/(a/(76/6))?
9
Let y(n) = n**2 - n - 8. What is the units digit of y(-6)?
4
Let p = 32 + 76. What is the hundreds digit of p?
1
Let h = 3 + -2. What is the units digit of h + 0 - (-3 + 3)?
1
Let p be ((-4)/(-6))/(2/(-3)). Let i = p + 31. What is the tens digit of i?
3
Let w be 2/(((-24)/(-20))/3). Let u(c) = -c**3 + 5*c**2 + 5*c + 1. What is the tens digit of u(w)?
2
Let z = 236 + -72. What is the units digit of z?
4
Let i(o) = o**3 - 2*o**2 - 3*o + 4. Let y be i(3). Let s(c) = 6 - y*c - 6. What is the units digit of s(-2)?
8
Suppose c - 182 = -3*g, -3*g + 234 = g - 3*c. Suppose -g = -5*b - 0*b. What is the units digit of b?
2
Let k(c) = c**3 + c**2 + 2. Let u be (-12)/(-20) + 3/(-5). Let z be k(u). What is the units digit of ((-8)/(-10))/(z/20)?
8
Suppose 2*s + 1 = -h + 16, -2*s + 5*h = -9. What is the units digit of -1 - (4/(-2) - s)?
8
Suppose -11*w - 36 = -14*w. What is the tens digit of w/18 - (-118)/3?
4
Suppose -d - 1 + 10 = 0. What is the units digit of d?
9
Suppose 0*s = -2*s + 2*h - 10, s + 25 = 5*h. Let v(d) = -2*d**3 + 5 + d**3 + 3*d**2 - 4*d**2. What is the units digit of v(s)?
5
Let u(k) = k**2 - k - 3. Let y be u(3). Suppose -y*i - 16 = i. What is the units digit of (-16)/(-2)*(-2)/i?
4
Let m be 164/10 - (-2)/(-5). Suppose 0 = 3*t + x - m, -2*t - 6 = x - 18. What is the units digit of t?
4
Let a = -7 + 9. What is the units digit of a?
2
Let q(i) = -59*i - 41. What is the units digit of q(-5)?
4
Suppose -49 = -g - 3*a, -a - 3*a = -4*g + 276. What is the units digit of g?
4
Let u(k) = -k**3 + 13*k**2 + k - 11. Let r = -27 + 38. Let z = 24 - r. What is the units digit of u(z)?
2
Suppose -5 = -5*z + 5. Suppose 9 = -z*q - 1. Let a = q - -9. What is the units digit of a?
4
Let n(f) = 52*f**3 - 2*f**2 + 2*f - 1. Suppose -5*l + 4*s + 21 = 0, -s = -4*l - 6*s - 16. What is the tens digit of n(l)?
5
Let q = 50 + -24. Suppose 4*m - i = q, 2*i = i + 2. What is the units digit of m?
7
Suppose 4*o = 4*w - 6*w + 16, -2*w = 3*o - 12. Suppose -45 = -z + g - 5*g, 13 = z - o*g. Let x = -18 + z. What is the units digit of x?
1
Let k = -3 + 54. What is the units digit of k?
1
Let f = 36 + -10. Let d = 42 - f. What is the units digit of d?
6
Let l = 639 + -434. What is the tens digit of l?
0
Let b(v) = -v**2 - v. Let o be b(-1). Let i(d) = d**3 - 3*d**2 - d - 8. Let j be i(4). Suppose n - 20 + j = o. What is the units digit of n?
6
Suppose -3*c - 3*p + 171 = 0, -2*p = c + 3*p - 61. What is the units digit of c?
6
Let c = -10 - -6. Suppose -x = -4*i + 12, 3*i - 18 = -3. Let k = x + c. What is the units digit of k?
4
Let i(y) = -3 + y + y**3 + 1 - 4*y**2 - 2*y**3 + 7*y**2. What is the units digit of i(3)?
1
Suppose -5*h = 4*i - 4, 2*i = 2*h + 3*i - 1. Let f = h + 1. Suppose -c = -f - 0. What is the units digit of c?
1
Suppose c = -2, 5*c = -3*f - 0*f + 356. What is the units digit of f?
2
Let g(p) = 16*p - 7. What is the units digit of g(3)?
1
Let f(p) = 76*p**2 - 3*p - 2. What is the hundreds digit of f(2)?
2
Let t be (-14)/(-21)*(-30)/(-4). Suppose -5*x - t*a + 2 = -23, -3*a = 5*x - 31. What is the units digit of x?
8
Suppose 4*i - 114 = -18. What is the tens digit of i?
2
Let k(w) = w**2 + 8*w - 6. Let z(b) = -b**2 + 3*b - 3*b. Let m(n) = k(n) + 2*z(n). What is the units digit of m(7)?
1
Suppose 7*z + 3*z = 1020. What is the units digit of z?
2
Suppose o - g = 7, -3*g = 3*o + o. What is the units digit of o?
3
Let k be -1 - (2 + 1*30). Let s = -8 - k. What is the units digit of s?
5
Let v(x) be the second derivative of x**4/6 + 5*x**3/6 + 5*x**2 + 4*x. What is the tens digit of v(-4)?
2
Let v(i) = -i**2 + 12*i - 16. What is the units digit of v(7)?
9
What is the units digit of (14 - (0 - 6))/((-1)/(-4))?
0
Suppose 10 - 7 = -3*u. What is the tens digit of u/(172/44 + -4)?
1
Suppose 3*s - 5*s = 0. Suppose -c - 3 + 2 = s. Let m = c - -11. What is the units digit of m?
0
Suppose c = -5*d + 24, 0*c - 5*d + 22 = 3*c. Let t(i) = 4*i - 1. Let y be t(1). Let w = y - c. What is the units digit of w?
4
Let c(q) = q**3 - 4*q**2 + 3*q - 5. Let z be c(4). Let s be 8 - (0 + -3)*-1. Suppose -l =